{"id":157,"date":"2019-09-19T16:56:21","date_gmt":"2019-09-19T16:56:21","guid":{"rendered":"https:\/\/bridgesistemas.com.ar\/blog\/?page_id=157"},"modified":"2019-09-19T16:59:42","modified_gmt":"2019-09-19T16:59:42","slug":"nuevo-plan-de-pagos-para-obligaciones-vencidas-al-15-08-2019","status":"publish","type":"page","link":"https:\/\/bridgesistemas.com.ar\/blog\/nuevo-plan-de-pagos-para-obligaciones-vencidas-al-15-08-2019\/","title":{"rendered":"Nuevo Plan De Pagos Para Obligaciones Vencidas al 15\/08\/2019"},"content":{"rendered":"\n<p>\n\nLa Administraci\u00f3n Federal de Ingresos P\u00fablicos mediante su resoluci\u00f3n general nro. 4557\/19 dispuso un&nbsp;<strong>nuevo plan de pagos para obligaciones VENCIDAS al 15\/08\/2019.<\/strong><br>La adhesi\u00f3n se podr\u00e1 realizar desde el dia 02\/09\/2019 hasta el 31\/10\/2019 ambos d\u00edas inclusive.<\/p>\n\n\n\n<p><strong>REQUISITOS<\/strong><br>\u2022 Poseer domicilio fiscal electr\u00f3nico constituido.<br>\u2022 Declarar en el servicio \u201cDeclaraci\u00f3n de CBU\u201d, la CBU de la cuenta corriente o de la caja de ahorro de la que se debitar\u00e1n los importes correspondientes para la cancelaci\u00f3n de cada una de las cuotas<br>\u2022 Haber presentado todas las declaraciones juradas determinativas de las obligaciones impositivas y de los recursos de la seguridad social a la fecha de adhesi\u00f3n al r\u00e9gimen.<\/p>\n\n\n\n<p><strong>BENEFICIOS<br><\/strong>La cancelaci\u00f3n de las deudas mediante este r\u00e9gimen de facilidades de pago previsto, habilita al ciudadano para:<br>\u2022 Hacer uso del beneficio de reducci\u00f3n de las contribuciones con destino al R\u00e9gimen Nacional de la Seguridad Social.<br>\u2022 Considerar regularizado el importe adeudado.<br>La anulaci\u00f3n del plan, el rechazo o la caducidad, determinar\u00e1 la p\u00e9rdida de los beneficio, a partir de la notificaci\u00f3n de la resoluci\u00f3n respectiva.<br>Por otro lado, se suspende por 90 d\u00edas corridos desde el d\u00eda 14 de agosto de 2019, la traba de medidas cautelares correspondientes a MiPyMES inscriptas en el registro.<\/p>\n\n\n\n<p><strong>TIPOS DE PLAN<\/strong>:<br>Este r\u00e9gimen contiene 4 planes distintos seg\u00fan el tipo de deuda y tu caracterizaci\u00f3n como contribuyente:<br>\u2022&nbsp;<strong>MiPyMES:&nbsp;<\/strong>Podr\u00e1n incluir deudas impositivas y previsionales -incluidas retenciones y percepciones impositivas- correspondientes a ciudadanos inscriptos en el \u201c<strong>REGISTRO DE EMPRESAS MiPyMES<\/strong>\u201d.<\/p>\n\n\n\n<p>\u2022&nbsp;<strong>Montributistas y aut\u00f3nomos:<\/strong>&nbsp;Podr\u00e1n consolidar obligaciones correspondientes a estos reg\u00edmenes.<\/p>\n\n\n\n<p>\u2022&nbsp;<strong>Resto de ciudadano<\/strong>s: Podr\u00e1n adherirse deudas impositivas y previsionales -incluidas retenciones y percepciones impositivas correspondientes a ciudadanos que no est\u00e9n inscriptas en el&nbsp;<strong>\u201cREGISTRO DE EMPRESAS MiPyMES<\/strong>\u201d.<\/p>\n\n\n\n<p>\u2022&nbsp;<strong>Planes caducos:<\/strong>&nbsp;Este tipo de plan est\u00e1 destinado a las obligaciones incluidas en planes de facilidades de pago -generales, sectoriales, regionales o especiales- cuya caducidad haya operado durante el mes de julio de 2019, o hayan sido rechazados a partir del d\u00eda 1 de julio de 2019.\n\n<\/p>\n\n\n\n<p><strong>Fuente: RG AFIP 4557\/19<\/strong><\/p>\n","protected":false},"excerpt":{"rendered":"<p>La Administraci\u00f3n Federal de Ingresos P\u00fablicos mediante su resoluci\u00f3n general nro. 4557\/19 dispuso un&nbsp;nuevo plan de pagos para obligaciones VENCIDAS al 15\/08\/2019.La adhesi\u00f3n se podr\u00e1 realizar desde el dia 02\/09\/2019 hasta el 31\/10\/2019 ambos d\u00edas inclusive. REQUISITOS\u2022 Poseer domicilio fiscal electr\u00f3nico constituido.\u2022 Declarar en el servicio \u201cDeclaraci\u00f3n de CBU\u201d, la CBU de la cuenta corriente&hellip;<\/p>\n<p class=\"more-link\"><a href=\"https:\/\/bridgesistemas.com.ar\/blog\/nuevo-plan-de-pagos-para-obligaciones-vencidas-al-15-08-2019\/\" class=\"themebutton\">Ver mas<\/a><\/p>\n","protected":false},"author":6,"featured_media":159,"parent":0,"menu_order":0,"comment_status":"open","ping_status":"closed","template":"","meta":{"footnotes":""},"class_list":["post-157","page","type-page","status-publish","has-post-thumbnail","hentry"],"_links":{"self":[{"href":"https:\/\/bridgesistemas.com.ar\/blog\/wp-json\/wp\/v2\/pages\/157","targetHints":{"allow":["GET"]}}],"collection":[{"href":"https:\/\/bridgesistemas.com.ar\/blog\/wp-json\/wp\/v2\/pages"}],"about":[{"href":"https:\/\/bridgesistemas.com.ar\/blog\/wp-json\/wp\/v2\/types\/page"}],"author":[{"embeddable":true,"href":"https:\/\/bridgesistemas.com.ar\/blog\/wp-json\/wp\/v2\/users\/6"}],"replies":[{"embeddable":true,"href":"https:\/\/bridgesistemas.com.ar\/blog\/wp-json\/wp\/v2\/comments?post=157"}],"version-history":[{"count":1,"href":"https:\/\/bridgesistemas.com.ar\/blog\/wp-json\/wp\/v2\/pages\/157\/revisions"}],"predecessor-version":[{"id":158,"href":"https:\/\/bridgesistemas.com.ar\/blog\/wp-json\/wp\/v2\/pages\/157\/revisions\/158"}],"wp:featuredmedia":[{"embeddable":true,"href":"https:\/\/bridgesistemas.com.ar\/blog\/wp-json\/wp\/v2\/media\/159"}],"wp:attachment":[{"href":"https:\/\/bridgesistemas.com.ar\/blog\/wp-json\/wp\/v2\/media?parent=157"}],"curies":[{"name":"wp","href":"https:\/\/api.w.org\/{rel}","templated":true}]}}